61700 a multiple of 488?
False
Is 9 a factor of 425481?
False
Does 347 divide 218610?
True
Is 12 a factor of 1740504?
True
Is 83 a factor of 527594?
False
Does 132 divide 18409?
False
Does 119 divide 7407426?
False
Is 8 a factor of 35523?
False
Is 1121 a multiple of 59?
True
Is 203785 a multiple of 184?
False
Is 658020 a multiple of 11?
True
Is 2651298 a multiple of 15?
False
Does 231 divide 187341?
True
Does 12 divide 48575?
False
Is 1721 a factor of 8105910?
True
Is 80 a factor of 75520?
True
Is 12 a factor of 249501?
False
Is 17409896 a multiple of 23?
True
Is 30 a factor of 513840?
True
Does 49 divide 3128405?
True
Is 1722879 a multiple of 423?
True
Does 2 divide 48005?
False
Is 75046 a multiple of 7?
False
Is 202130 a multiple of 48?
False
Is 243350 a multiple of 62?
True
Is 3263103 a multiple of 13?
False
Is 461369 even?
False
Is 778346 a multiple of 9?
False
Is 257 a factor of 813662?
True
Is 21 a factor of 3694929?
True
Does 57 divide 216771?
True
Does 898 divide 1094788?
False
Is 92 a factor of 1398385?
False
Is 5 a factor of 5522723?
False
Is 829 a factor of 1267302?
False
Is 8004 a multiple of 23?
True
Is 79069 a multiple of 9?
False
Is 602982 a multiple of 139?
True
Is 9 a factor of 25789333?
False
Does 36 divide 24055?
False
Is 254 a factor of 2516886?
True
Is 84 a factor of 91643?
False
Does 172 divide 306765?
False
Is 681 a factor of 2643642?
True
Is 259005 a multiple of 31?
True
Is 332309 a multiple of 75?
False
Does 40 divide 3425440?
True
Is 9 a factor of 79065?
True
Is 6 a factor of 3240979?
False
Is 145 a factor of 6243265?
True
Is 6401321 a multiple of 516?
False
Does 53 divide 3944306?
False
Is 2019318 a multiple of 14?
True
Does 613 divide 2442805?
True
Is 526391 a multiple of 52?
False
Is 57 a factor of 87666?
True
Is 7 a factor of 20846?
True
Is 168 a factor of 770952?
True
Is 4224588 a multiple of 3?
True
Is 34 a factor of 27778?
True
Is 801981 a multiple of 3?
True
Is 506100 a multiple of 25?
True
Is 178 a factor of 8898398?
True
Is 2731562 a multiple of 37?
True
Is 109 a factor of 4641?
False
Is 4552768 a multiple of 16?
True
Is 175 a factor of 3073183?
False
Is 96016 a multiple of 329?
False
Is 14 a factor of 922110?
True
Is 510857 a multiple of 24?
False
Is 518 a factor of 734275?
False
Does 51 divide 2787439?
False
Is 149 a factor of 144341?
False
Does 172 divide 129860?
True
Is 964206 a multiple of 69?
True
Does 16 divide 590880?
True
Is 8830902 a multiple of 64?
False
Is 14616 a multiple of 42?
True
Is 184 a factor of 408480?
True
Is 1110 a factor of 1381820?
False
Is 42 a factor of 365225?
False
Is 99735 a multiple of 2?
False
Is 19 a factor of 373711?
True
Is 1167460 a multiple of 3?
False
Does 486 divide 2802824?
False
Is 48 a factor of 2713008?
True
Is 25 a factor of 925426?
False
Does 6 divide 1978049?
False
Is 24462 a multiple of 3?
True
Does 38 divide 473820?
False
Is 1090122 a multiple of 2?
True
Is 5628970 a multiple of 274?
False
Is 79893 a multiple of 297?
True
Is 63 a factor of 160270?
False
Is 271218 a multiple of 17?
True
Is 471712 a multiple of 16?
True
Is 24 a factor of 570104?
False
Does 45 divide 24255?
True
Is 111761 a multiple of 24?
False
Is 29574 a multiple of 477?
True
Does 158 divide 499596?
True
Does 14 divide 2464159?
False
Is 14 a factor of 3584996?
False
Does 29 divide 1339426?
False
Is 172701 a multiple of 9?
True
Does 8 divide 108555?
False
Does 4 divide 1108072?
True
Does 42 divide 2304246?
True
Is 402 a factor of 1684380?
True
Does 18 divide 235427?
False
Is 5 a factor of 340555?
True
Is 175084 a multiple of 481?
True
Is 80 a factor of 351280?
True
Is 579502 a multiple of 142?
True
Is 112 a factor of 68317?
False
Does 151 divide 9767284?
True
Is 14 a factor of 324380?
True
Is 208 a factor of 11674208?
True
Is 3342420 a multiple of 180?
True
Does 459 divide 2978451?
True
Is 1093680 a multiple of 1488?
True
Does 25 divide 814250?
True
Is 24 a factor of 118539?
False
Does 75 divide 69825?
True
Is 764 a factor of 5485520?
True
Is 107028 a multiple of 7?
False
Is 10955808 a multiple of 349?
True
Is 224924 a multiple of 58?
True
Is 183 a factor of 2192523?
True
Does 23 divide 54278?
False
Is 4046914 a multiple of 83?
True
Is 104856 a multiple of 4?
True
Is 9058714 a multiple of 14?
True
Is 720500 a multiple of 220?
True
Is 68955 a multiple of 73?
False
Does 34 divide 3359136?
False
Is 5082225 a multiple of 11?
False
Is 2834382 a multiple of 69?
True
Does 408 divide 3593256?
True
Is 662 a factor of 883472?
False
Is 64452 a multiple of 6?
True
Is 55 a factor of 58895?
False
Does 388 divide 5593796?
True
Is 40 a factor of 9571911?
False
Is 904050 a multiple of 18?
True
Does 126 divide 11592?
True
Is 5005478 a multiple of 29?
False
Is 100935 a multiple of 288?
False
Is 201810 a multiple of 210?
True
Does 43 divide 285675?
False
Is 866250 a multiple of 15?
True
Is 74 a factor of 30628?
False
Is 552 a factor of 32830?
False
Does 176 divide 84480?
True
Does 69 divide 6932209?
False
Is 22 a factor of 602131?
False
Is 17 a factor of 275689?
True
Is 2091895 a multiple of 65?
True
Is 87 a factor of 466755?
True
Is 298 a factor of 120178?
False
Is 156 a factor of 229632?
True
Does 26 divide 18070?
True
Is 224 a factor of 79520?
True
Does 24 divide 29144544?
True
Is 572 a factor of 1552408?
True
Is 372764 a multiple of 14?
True
Is 211288 a multiple of 154?
True
Is 3327724 a multiple of 394?
True
Does 42 divide 6779346?
True
Is 23 a factor of 93587?
True
Is 6 a factor of 519844?
False
Is 7 a factor of 87379?
False
Does 42 divide 276863?
False
Is 412370 a multiple of 10?
True
Is 4627916 a multiple of 4?
True
Is 40 a factor of 9150080?
True
Is 538 a factor of 250170?
True
Is 44568 a multiple of 72?
True
Is 263982 a multiple of 3?
True
Is 58 a factor of 9314916?
True
Is 143 a factor of 73458?
False
Is 176 a factor of 701672?
False
Does 25 divide 357560?
False
Is 24 a factor of 232047?
False
Is 148798 a multiple of 41?
False
Does 187 divide 260142?
False
Is 116 a factor of 5936996?
True
Does 349 divide 79223?
True
Does 151 divide 70064?
True
Is 29589480 a multiple of 30?
True
Does 244 divide 4171757?
False
Is 191 a factor of 93608?
False
Is 19 a factor of 20881?
True
Is 389580 a multiple of 151?
True
Does 367 divide 433193?
False
Does 389 divide 96472?
True
Is 186972 a multiple of 12?
True
Is 22 a factor of 125738?
False
Does 16 divide 406016?
True
Is 13 a factor of 4581892?
False
Is 26 a factor of 36256?
False
Does 13 divide 43927?
True
Does 709 divide 5238092?
True
Is 78 a factor of 3029232?
False
Is 49 a factor of 223545?
False
Does 38 divide 271776?
True
Does 434 divide 74648?
True
Is 43736 a multiple of 31?
False
Is 162202 a multiple of 7?
False
Is 35 a factor of 255185?
True
Is 3 a factor of 27801?
True
Is 45 a factor of 28260?
True
Does 60 divide 1880?
False
Is 12608 a multiple of 74?
False
Is 8 a factor of 7550?
False
Does 132 divide 122364?
True
Is 320098 a multiple of 51?
False
Is 192888 a multiple of 893?
True
Does 16 divide 36512?
True
Does 28 divide 2252516?
True
Is 15 a factor of 20065860?
True
Does 293 divide 4968743?
False
Is 1119410 a multiple of 16?
False
Does 58 divide 29638?
True
Is 1454000 a multiple of 8?
True
Is 71 a factor of 349178?
True
Is 53721 a multiple of 127?
True
Is 127 a factor of 836755?
False
Does 598 divide 2810002?
True
Is 223088 a multiple of 764?
True
Does 1444 divide 1165308?
True
Is 32900 a multiple of 54?
False
Is 1257 a factor of 5387634?
False
Is 17655 a multiple of 5?
True
Is 776 a factor of 11808392?
True
Is 6 a factor of 5837550?
True
Is 79178 a multiple of 53?
False
Is 258 a factor of 196393?
False
Is 15220262 a multiple of 72?
False
Does 468 divide 782420?
False
Is 5 a factor of 30694?
False
Is 253 a factor of 9197562?
True
Does 1119 divide 4915767?
True
Does 194 divide 9894121?
False
Does 53 divide 1868?
False
Is 22 a factor of 14467948?
True
Is 33999116 a multiple of 17?
True
Does 14 divide 95779?
False
Is 960288 a multiple of 112?
True
Is 1707556 a multiple of 666?
False
Is 236096 a multiple of 10?
False
Is 468394 a multiple of 107?
False
Does 76 divide 2634084?
True
Is 32984 a multiple of 124?
True
Is 191416 even?
True
Is 17 a factor of 69840?
False
Is 13962663 a multiple of 143?
True
Is 22 a factor of 146212?
True
Is 10152 a multiple of 24?
True